{"id":2554,"date":"2019-08-28T22:37:01","date_gmt":"2019-08-29T02:37:01","guid":{"rendered":"https:\/\/antes.cinemachile.cl?post_type=catalogo_tv&#038;p=2554"},"modified":"2019-08-29T09:57:25","modified_gmt":"2019-08-29T13:57:25","slug":"trafico-ilicito-latinoamerica","status":"publish","type":"catalogo_tv","link":"https:\/\/antes.cinemachile.cl\/en\/catalogo_tv\/illicit-traffic-latin-america\/","title":{"rendered":"Illicit Traffic Latin America"},"content":{"rendered":"<p>ILLICIT TRAFFIC is a documentary series about the unusual journeys that engender the most emblematic cases of illegal trade and recovery of goods in Latin America. Olmec heads of thirty tons (Mexico), the second largest meteorite in the world (Argentina) and shipwrecks of the Caribbean (Cuba) are part of an incredible patrimonial heritage. Today the region is strongly affected by this silent global conflict, whose flow is only overcomed by the trafficking of arms, drugs and people.<\/p>\n<!-- AddThis Advanced Settings generic via filter on the_content --><!-- AddThis Share Buttons generic via filter on the_content -->","protected":false},"featured_media":2537,"parent":0,"template":"","categories":[49],"yoast_head":"<!-- This site is optimized with the Yoast SEO plugin v16.2 - https:\/\/yoast.com\/wordpress\/plugins\/seo\/ -->\n<title>Illicit Traffic Latin America &raquo;<\/title>\n<meta name=\"robots\" content=\"index, follow, max-snippet:-1, max-image-preview:large, max-video-preview:-1\" \/>\n<link rel=\"canonical\" href=\"https:\/\/antes.cinemachile.cl\/catalogo_tv\/trafico-ilicito-latinoamerica\/\" \/>\n<meta property=\"og:locale\" content=\"en_US\" \/>\n<meta property=\"og:type\" content=\"article\" \/>\n<meta property=\"og:title\" content=\"[:es]Tr\u00e1fico Il\u00edcito Latinoam\u00e9rica[:en]Illicit Traffic Latin America[:] &raquo;\" \/>\n<meta property=\"og:description\" content=\"ILLICIT TRAFFIC is a documentary series about the unusual journeys that engender the most emblematic cases of illegal trade and recovery of goods in Latin America. Olmec heads of thirty tons (Mexico), the second largest meteorite in the world (Argentina) and shipwrecks of the Caribbean (Cuba) are part of an incredible patrimonial heritage. Today the [&hellip;]\" \/>\n<meta property=\"og:url\" content=\"https:\/\/antes.cinemachile.cl\/catalogo_tv\/trafico-ilicito-latinoamerica\/\" \/>\n<meta property=\"article:publisher\" content=\"https:\/\/www.facebook.com\/cinemachile\" \/>\n<meta property=\"article:modified_time\" content=\"2019-08-29T13:57:25+00:00\" \/>\n<meta property=\"og:image\" content=\"https:\/\/cinemachile.cl\/wp-content\/uploads\/2019\/08\/sl_trafico-ilicito.jpg\" \/>\n\t<meta property=\"og:image:width\" content=\"1980\" \/>\n\t<meta property=\"og:image:height\" content=\"800\" \/>\n<meta name=\"twitter:card\" content=\"summary_large_image\" \/>\n<meta name=\"twitter:site\" content=\"@cinemachile\" \/>\n<meta name=\"twitter:label1\" content=\"Est. reading time\">\n\t<meta name=\"twitter:data1\" content=\"1 minute\">\n<script type=\"application\/ld+json\" class=\"yoast-schema-graph\">{\"@context\":\"https:\/\/schema.org\",\"@graph\":[{\"@type\":\"Organization\",\"@id\":\"https:\/\/antes.cinemachile.cl\/#organization\",\"name\":\"CinemaChile\",\"url\":\"https:\/\/antes.cinemachile.cl\/\",\"sameAs\":[\"https:\/\/www.facebook.com\/cinemachile\",\"https:\/\/www.instagram.com\/cinemachile\/\",\"https:\/\/twitter.com\/cinemachile\"],\"logo\":{\"@type\":\"ImageObject\",\"@id\":\"https:\/\/antes.cinemachile.cl\/#logo\",\"inLanguage\":\"en-US\",\"url\":\"https:\/\/cinemachile.cl\/wp-content\/uploads\/2020\/06\/logo-cinema-gif.gif\",\"contentUrl\":\"https:\/\/cinemachile.cl\/wp-content\/uploads\/2020\/06\/logo-cinema-gif.gif\",\"width\":330,\"height\":150,\"caption\":\"CinemaChile\"},\"image\":{\"@id\":\"https:\/\/antes.cinemachile.cl\/#logo\"}},{\"@type\":\"WebSite\",\"@id\":\"https:\/\/antes.cinemachile.cl\/#website\",\"url\":\"https:\/\/antes.cinemachile.cl\/\",\"name\":\"\",\"description\":\"\",\"publisher\":{\"@id\":\"https:\/\/antes.cinemachile.cl\/#organization\"},\"potentialAction\":[{\"@type\":\"SearchAction\",\"target\":\"https:\/\/antes.cinemachile.cl\/?s={search_term_string}\",\"query-input\":\"required name=search_term_string\"}],\"inLanguage\":\"en-US\"},{\"@type\":\"ImageObject\",\"@id\":\"https:\/\/antes.cinemachile.cl\/catalogo_tv\/trafico-ilicito-latinoamerica\/#primaryimage\",\"inLanguage\":\"en-US\",\"url\":\"https:\/\/antes.cinemachile.cl\/wp-content\/uploads\/2019\/08\/sl_trafico-ilicito.jpg\",\"contentUrl\":\"https:\/\/antes.cinemachile.cl\/wp-content\/uploads\/2019\/08\/sl_trafico-ilicito.jpg\",\"width\":1980,\"height\":800},{\"@type\":\"WebPage\",\"@id\":\"https:\/\/antes.cinemachile.cl\/catalogo_tv\/trafico-ilicito-latinoamerica\/#webpage\",\"url\":\"https:\/\/antes.cinemachile.cl\/catalogo_tv\/trafico-ilicito-latinoamerica\/\",\"name\":\"[:es]Tr\\u00e1fico Il\\u00edcito Latinoam\\u00e9rica[:en]Illicit Traffic Latin America[:] &raquo;\",\"isPartOf\":{\"@id\":\"https:\/\/antes.cinemachile.cl\/#website\"},\"primaryImageOfPage\":{\"@id\":\"https:\/\/antes.cinemachile.cl\/catalogo_tv\/trafico-ilicito-latinoamerica\/#primaryimage\"},\"datePublished\":\"2019-08-29T02:37:01+00:00\",\"dateModified\":\"2019-08-29T13:57:25+00:00\",\"breadcrumb\":{\"@id\":\"https:\/\/antes.cinemachile.cl\/catalogo_tv\/trafico-ilicito-latinoamerica\/#breadcrumb\"},\"inLanguage\":\"en-US\",\"potentialAction\":[{\"@type\":\"ReadAction\",\"target\":[\"https:\/\/antes.cinemachile.cl\/catalogo_tv\/trafico-ilicito-latinoamerica\/\"]}]},{\"@type\":\"BreadcrumbList\",\"@id\":\"https:\/\/antes.cinemachile.cl\/catalogo_tv\/trafico-ilicito-latinoamerica\/#breadcrumb\",\"itemListElement\":[{\"@type\":\"ListItem\",\"position\":1,\"item\":{\"@type\":\"WebPage\",\"@id\":\"https:\/\/antes.cinemachile.cl\/\",\"url\":\"https:\/\/antes.cinemachile.cl\/\",\"name\":\"Portada\"}},{\"@type\":\"ListItem\",\"position\":2,\"item\":{\"@type\":\"WebPage\",\"@id\":\"https:\/\/antes.cinemachile.cl\/catalogo_tv\/\",\"url\":\"https:\/\/antes.cinemachile.cl\/catalogo_tv\/\",\"name\":\"TV Series\"}},{\"@type\":\"ListItem\",\"position\":3,\"item\":{\"@id\":\"https:\/\/antes.cinemachile.cl\/catalogo_tv\/trafico-ilicito-latinoamerica\/#webpage\"}}]}]}<\/script>\n<!-- \/ Yoast SEO plugin. -->","_links":{"self":[{"href":"https:\/\/antes.cinemachile.cl\/en\/wp-json\/wp\/v2\/catalogo_tv\/2554"}],"collection":[{"href":"https:\/\/antes.cinemachile.cl\/en\/wp-json\/wp\/v2\/catalogo_tv"}],"about":[{"href":"https:\/\/antes.cinemachile.cl\/en\/wp-json\/wp\/v2\/types\/catalogo_tv"}],"version-history":[{"count":0,"href":"https:\/\/antes.cinemachile.cl\/en\/wp-json\/wp\/v2\/catalogo_tv\/2554\/revisions"}],"wp:featuredmedia":[{"embeddable":true,"href":"https:\/\/antes.cinemachile.cl\/en\/wp-json\/wp\/v2\/media\/2537"}],"wp:attachment":[{"href":"https:\/\/antes.cinemachile.cl\/en\/wp-json\/wp\/v2\/media?parent=2554"}],"wp:term":[{"taxonomy":"category","embeddable":true,"href":"https:\/\/antes.cinemachile.cl\/en\/wp-json\/wp\/v2\/categories?post=2554"}],"curies":[{"name":"wp","href":"https:\/\/api.w.org\/{rel}","templated":true}]}}

<!-- This site is optimized with the Yoast SEO plugin v16.2 - https://yoast.com/wordpress/plugins/seo/ -->
<title>Illicit Traffic Latin America &raquo;</title>
<meta name="robots" content="index, follow, max-snippet:-1, max-image-preview:large, max-video-preview:-1" />
<link rel="canonical" href="https://antes.cinemachile.cl/catalogo_tv/trafico-ilicito-latinoamerica/" />
<meta property="og:locale" content="en_US" />
<meta property="og:type" content="article" />
<meta property="og:title" content="[:es]Tráfico Ilícito Latinoamérica[:en]Illicit Traffic Latin America[:] &raquo;" />
<meta property="og:description" content="ILLICIT TRAFFIC is a documentary series about the unusual journeys that engender the most emblematic cases of illegal trade and recovery of goods in Latin America. Olmec heads of thirty tons (Mexico), the second largest meteorite in the world (Argentina) and shipwrecks of the Caribbean (Cuba) are part of an incredible patrimonial heritage. Today the [&hellip;]" />
<meta property="og:url" content="https://antes.cinemachile.cl/catalogo_tv/trafico-ilicito-latinoamerica/" />
<meta property="article:publisher" content="https://www.facebook.com/cinemachile" />
<meta property="article:modified_time" content="2019-08-29T13:57:25+00:00" />
<meta property="og:image" content="https://cinemachile.cl/wp-content/uploads/2019/08/sl_trafico-ilicito.jpg" />
	<meta property="og:image:width" content="1980" />
	<meta property="og:image:height" content="800" />
<meta name="twitter:card" content="summary_large_image" />
<meta name="twitter:site" content="@cinemachile" />
<meta name="twitter:label1" content="Est. reading time">
	<meta name="twitter:data1" content="1 minute">
<script type="application/ld+json" class="yoast-schema-graph">{"@context":"https://schema.org","@graph":[{"@type":"Organization","@id":"https://antes.cinemachile.cl/#organization","name":"CinemaChile","url":"https://antes.cinemachile.cl/","sameAs":["https://www.facebook.com/cinemachile","https://www.instagram.com/cinemachile/","https://twitter.com/cinemachile"],"logo":{"@type":"ImageObject","@id":"https://antes.cinemachile.cl/#logo","inLanguage":"en-US","url":"https://cinemachile.cl/wp-content/uploads/2020/06/logo-cinema-gif.gif","contentUrl":"https://cinemachile.cl/wp-content/uploads/2020/06/logo-cinema-gif.gif","width":330,"height":150,"caption":"CinemaChile"},"image":{"@id":"https://antes.cinemachile.cl/#logo"}},{"@type":"WebSite","@id":"https://antes.cinemachile.cl/#website","url":"https://antes.cinemachile.cl/","name":"","description":"","publisher":{"@id":"https://antes.cinemachile.cl/#organization"},"potentialAction":[{"@type":"SearchAction","target":"https://antes.cinemachile.cl/?s={search_term_string}","query-input":"required name=search_term_string"}],"inLanguage":"en-US"},{"@type":"ImageObject","@id":"https://antes.cinemachile.cl/catalogo_tv/trafico-ilicito-latinoamerica/#primaryimage","inLanguage":"en-US","url":"https://antes.cinemachile.cl/wp-content/uploads/2019/08/sl_trafico-ilicito.jpg","contentUrl":"https://antes.cinemachile.cl/wp-content/uploads/2019/08/sl_trafico-ilicito.jpg","width":1980,"height":800},{"@type":"WebPage","@id":"https://antes.cinemachile.cl/catalogo_tv/trafico-ilicito-latinoamerica/#webpage","url":"https://antes.cinemachile.cl/catalogo_tv/trafico-ilicito-latinoamerica/","name":"[:es]Tr\u00e1fico Il\u00edcito Latinoam\u00e9rica[:en]Illicit Traffic Latin America[:] &raquo;","isPartOf":{"@id":"https://antes.cinemachile.cl/#website"},"primaryImageOfPage":{"@id":"https://antes.cinemachile.cl/catalogo_tv/trafico-ilicito-latinoamerica/#primaryimage"},"datePublished":"2019-08-29T02:37:01+00:00","dateModified":"2019-08-29T13:57:25+00:00","breadcrumb":{"@id":"https://antes.cinemachile.cl/catalogo_tv/trafico-ilicito-latinoamerica/#breadcrumb"},"inLanguage":"en-US","potentialAction":[{"@type":"ReadAction","target":["https://antes.cinemachile.cl/catalogo_tv/trafico-ilicito-latinoamerica/"]}]},{"@type":"BreadcrumbList","@id":"https://antes.cinemachile.cl/catalogo_tv/trafico-ilicito-latinoamerica/#breadcrumb","itemListElement":[{"@type":"ListItem","position":1,"item":{"@type":"WebPage","@id":"https://antes.cinemachile.cl/","url":"https://antes.cinemachile.cl/","name":"Portada"}},{"@type":"ListItem","position":2,"item":{"@type":"WebPage","@id":"https://antes.cinemachile.cl/catalogo_tv/","url":"https://antes.cinemachile.cl/catalogo_tv/","name":"TV Series"}},{"@type":"ListItem","position":3,"item":{"@id":"https://antes.cinemachile.cl/catalogo_tv/trafico-ilicito-latinoamerica/#webpage"}}]}]}</script>
<!-- / Yoast SEO plugin. -->
